{"id":49,"date":"2024-06-14T08:43:17","date_gmt":"2024-06-14T06:43:17","guid":{"rendered":"https:\/\/www.verein-lebensfreude.at\/?page_id=49"},"modified":"2026-09-03T17:31:28","modified_gmt":"2026-09-03T15:31:28","slug":"projekte","status":"publish","type":"page","link":"https:\/\/www.verein-lebensfreude.at\/?page_id=49","title":{"rendered":"N\u00e4chste Veranstaltungen"},"content":{"rendered":"\n<hr class=\"wp-block-separator has-alpha-channel-opacity\"\/>\n\n\n\n<div class=\"wp-block-columns is-layout-flex wp-container-core-columns-is-layout-7387b849 wp-block-columns-is-layout-flex\">\n<div class=\"wp-block-column is-layout-flow wp-block-column-is-layout-flow\">\n<figure class=\"wp-block-image size-large\"><img loading=\"lazy\" decoding=\"async\" width=\"724\" height=\"1024\" src=\"http:\/\/www.verein-lebensfreude.at\/wp-content\/uploads\/2026\/07\/Einladung-A4-724x1024.jpg\" alt=\"\" class=\"wp-image-1114\" srcset=\"https:\/\/www.verein-lebensfreude.at\/wp-content\/uploads\/2026\/07\/Einladung-A4-724x1024.jpg 724w, https:\/\/www.verein-lebensfreude.at\/wp-content\/uploads\/2026\/07\/Einladung-A4-212x300.jpg 212w, https:\/\/www.verein-lebensfreude.at\/wp-content\/uploads\/2026\/07\/Einladung-A4-768x1086.jpg 768w, https:\/\/www.verein-lebensfreude.at\/wp-content\/uploads\/2026\/07\/Einladung-A4-1086x1536.jpg 1086w, https:\/\/www.verein-lebensfreude.at\/wp-content\/uploads\/2026\/07\/Einladung-A4-1448x2048.jpg 1448w, https:\/\/www.verein-lebensfreude.at\/wp-content\/uploads\/2026\/07\/Einladung-A4-scaled.jpg 1811w\" sizes=\"auto, (max-width: 724px) 100vw, 724px\" \/><\/figure>\n<\/div>\n\n\n\n<div class=\"wp-block-column is-layout-flow wp-block-column-is-layout-flow\">\n<h2 class=\"wp-block-heading\">Wortenergie und Wortwirkung der deutschen Sprache<\/h2>\n\n\n\n<p class=\"wp-block-paragraph\">Ich freue mich, dass Nancy mit einem zweiten Vortrag zu uns nach K\u00e4rnten kommt.<\/p>\n\n\n\n<p class=\"wp-block-paragraph\">Wir d\u00fcrfen lernen und verstehen, dass die deutsche Sprache eine ganz besondere Wirkung und jedes Wort eine spezifische Wirkung hat.<\/p>\n\n\n\n<p class=\"wp-block-paragraph\">Lernen wir wieder stolz unsere Sprache zu verwenden und dankbar sein f\u00fcr dieses besondere Erbe!<\/p>\n\n\n\n<p class=\"wp-block-paragraph\">So kommen wir wieder in unsere Kraft und geben wir unsere spezifische Sprache\/Dialekte an unsere Kinder und Enkel weitergeben.<\/p>\n\n\n\n<p class=\"wp-block-paragraph\">Ich freue mich auf diesen gemeinsamen Abend mit Nancy Mandody.<\/p>\n<\/div>\n<\/div>\n\n\n\n<hr class=\"wp-block-separator has-alpha-channel-opacity\"\/>\n\n\n\n<div class=\"wp-block-columns is-layout-flex wp-container-core-columns-is-layout-7387b849 wp-block-columns-is-layout-flex\">\n<div class=\"wp-block-column is-layout-flow wp-block-column-is-layout-flow\">\n<figure class=\"wp-block-image size-large\"><img loading=\"lazy\" decoding=\"async\" width=\"756\" height=\"1024\" src=\"https:\/\/www.verein-lebensfreude.at\/wp-content\/uploads\/2026\/07\/Screenshot_2026-07-29-14-55-47-08_a27b88515698e5a58d06d430da63049d-1-756x1024.jpg\" alt=\"\" class=\"wp-image-1119\" srcset=\"https:\/\/www.verein-lebensfreude.at\/wp-content\/uploads\/2026\/07\/Screenshot_2026-07-29-14-55-47-08_a27b88515698e5a58d06d430da63049d-1-756x1024.jpg 756w, https:\/\/www.verein-lebensfreude.at\/wp-content\/uploads\/2026\/07\/Screenshot_2026-07-29-14-55-47-08_a27b88515698e5a58d06d430da63049d-1-221x300.jpg 221w, https:\/\/www.verein-lebensfreude.at\/wp-content\/uploads\/2026\/07\/Screenshot_2026-07-29-14-55-47-08_a27b88515698e5a58d06d430da63049d-1-768x1041.jpg 768w, https:\/\/www.verein-lebensfreude.at\/wp-content\/uploads\/2026\/07\/Screenshot_2026-07-29-14-55-47-08_a27b88515698e5a58d06d430da63049d-1-1134x1536.jpg 1134w, https:\/\/www.verein-lebensfreude.at\/wp-content\/uploads\/2026\/07\/Screenshot_2026-07-29-14-55-47-08_a27b88515698e5a58d06d430da63049d-1.jpg 1440w\" sizes=\"auto, (max-width: 756px) 100vw, 756px\" \/><\/figure>\n<\/div>\n\n\n\n<div class=\"wp-block-column is-layout-flow wp-block-column-is-layout-flow\">\n<h2 class=\"wp-block-heading\">Intensivtreffen mit Nancy und Oliver<\/h2>\n\n\n\n<p class=\"wp-block-paragraph\">Sch\u00f6n, dass Nancy Mandody und Oliver Kloth wieder zu uns kommen und uns zeigen wie wir die Programmierung, die seit BP l\u00e4uft wieder aufheben k\u00f6nnen.<\/p>\n\n\n\n<p class=\"wp-block-paragraph\">So l\u00f6sen  wir nicht nur Traumata sondern kommen wieder in unsere Kraft zeigen auch nach au\u00dfen stolz unsere inneren Werte und Tugenden!<\/p>\n\n\n\n<p class=\"wp-block-paragraph\">Leben wir die deutschen Werte und Tugenden, die bereits durch unsere Ahnen in uns verankert sind!<\/p>\n\n\n\n<p class=\"wp-block-paragraph\">Dankbar blicken wir auf unsere Vorfahren zur\u00fcck und hoffnungsfroh in die Zukunft! Denn durch das Besinnen auf die Urkraft unseres Volkes k\u00f6nnen wir mutig voran schreiten!<\/p>\n<\/div>\n<\/div>\n\n\n\n<hr class=\"wp-block-separator has-alpha-channel-opacity\"\/>\n\n\n\n<div class=\"wp-block-columns is-layout-flex wp-container-core-columns-is-layout-7387b849 wp-block-columns-is-layout-flex\">\n<div class=\"wp-block-column is-layout-flow wp-block-column-is-layout-flow\">\n<h2 class=\"wp-block-heading\">Herwig Ronacher mit Buchpr\u00e4sentation und Vortrag<\/h2>\n\n\n\n<p class=\"wp-block-paragraph\">Ich freue mich, dass Herwig Ronacher mit zwei B\u00fcchern zu uns nach Mittelk\u00e4rnten kommt.<\/p>\n\n\n\n<p class=\"wp-block-paragraph\">Ein wunderbarer und sch\u00f6ner Vortrag wartet auf uns &#8211; mit einer Neuauflage vom Buch seines Vaters Arnold Ronacher <strong>&#8222;Du  bist das Land&#8220;<\/strong> und mit seiner aktuellen Trilogie <strong>&#8222;Alles ist anders&#8220;<\/strong>!<\/p>\n\n\n\n<p class=\"wp-block-paragraph\">Damit spricht Herwig Ronacher sicher vielen  aus dem Herzen, denn wir alle leben in einer sehr spannenden Zeit und d\u00fcrfen uns aktiv und bewusst mit den Ereignissen rundherum besch\u00e4ftigen. <\/p>\n\n\n\n<p class=\"wp-block-paragraph\">Wir freuen uns, dass wir gemeinsam auf dem Weg sind!<\/p>\n<\/div>\n\n\n\n<div class=\"wp-block-column is-layout-flow wp-block-column-is-layout-flow\">\n<figure class=\"wp-block-image size-large\"><img loading=\"lazy\" decoding=\"async\" width=\"714\" height=\"1024\" src=\"https:\/\/www.verein-lebensfreude.at\/wp-content\/uploads\/2026\/09\/IMG-20260902-WA0022-1-1-714x1024.jpg\" alt=\"\" class=\"wp-image-1126\" srcset=\"https:\/\/www.verein-lebensfreude.at\/wp-content\/uploads\/2026\/09\/IMG-20260902-WA0022-1-1-714x1024.jpg 714w, https:\/\/www.verein-lebensfreude.at\/wp-content\/uploads\/2026\/09\/IMG-20260902-WA0022-1-1-209x300.jpg 209w, https:\/\/www.verein-lebensfreude.at\/wp-content\/uploads\/2026\/09\/IMG-20260902-WA0022-1-1-768x1101.jpg 768w, https:\/\/www.verein-lebensfreude.at\/wp-content\/uploads\/2026\/09\/IMG-20260902-WA0022-1-1-1071x1536.jpg 1071w, https:\/\/www.verein-lebensfreude.at\/wp-content\/uploads\/2026\/09\/IMG-20260902-WA0022-1-1.jpg 1116w\" sizes=\"auto, (max-width: 714px) 100vw, 714px\" \/><\/figure>\n<\/div>\n<\/div>\n\n\n\n<hr class=\"wp-block-separator has-alpha-channel-opacity\"\/>\n\n\n\n<div class=\"wp-block-columns is-layout-flex wp-container-core-columns-is-layout-7387b849 wp-block-columns-is-layout-flex\">\n<div class=\"wp-block-column is-layout-flow wp-block-column-is-layout-flow\">\n<h2 class=\"wp-block-heading\">Zahngesundheit<\/h2>\n\n\n\n<p class=\"wp-block-paragraph\">Ich freue mich, dass Inge Sophia Unterweger zu uns kommt und \u00fcber ihre Erfahrungen mit der Zahngesundheit aus ganzheitlicher Sicht berichtet. <\/p>\n\n\n\n<p class=\"wp-block-paragraph\">Hinter jedem Zahn h\u00e4ngt der ganze Mensch, deshalb ist immer der ganze K\u00f6rper zu betrachten. <\/p>\n\n\n\n<p class=\"wp-block-paragraph\">Viel zu viel Zahnleid gibt es noch &#8211; ist das notwendig? Wie kann man sinnvoll seine Z\u00e4hne erhalten, auf was ist zu achten, um den K\u00f6rper nicht mit Fremdmaterialien zu belasten.<\/p>\n\n\n\n<p class=\"wp-block-paragraph\">Gehen wir in die Eigenverantwortung &#8211; auch in diesem Bereich! Ich freue mich auf einen interessanten Abend mit gemeinsamen Austausch!<\/p>\n<\/div>\n\n\n\n<div class=\"wp-block-column is-layout-flow wp-block-column-is-layout-flow\">\n<figure class=\"wp-block-image size-large\"><img loading=\"lazy\" decoding=\"async\" width=\"732\" height=\"1024\" src=\"https:\/\/www.verein-lebensfreude.at\/wp-content\/uploads\/2026\/07\/photo_2026-07-04_14-54-47-732x1024.jpg\" alt=\"\" class=\"wp-image-1109\" srcset=\"https:\/\/www.verein-lebensfreude.at\/wp-content\/uploads\/2026\/07\/photo_2026-07-04_14-54-47-732x1024.jpg 732w, https:\/\/www.verein-lebensfreude.at\/wp-content\/uploads\/2026\/07\/photo_2026-07-04_14-54-47-214x300.jpg 214w, https:\/\/www.verein-lebensfreude.at\/wp-content\/uploads\/2026\/07\/photo_2026-07-04_14-54-47-768x1074.jpg 768w, https:\/\/www.verein-lebensfreude.at\/wp-content\/uploads\/2026\/07\/photo_2026-07-04_14-54-47.jpg 915w\" sizes=\"auto, (max-width: 732px) 100vw, 732px\" \/><\/figure>\n<\/div>\n<\/div>\n","protected":false},"excerpt":{"rendered":"<p>Wortenergie und Wortwirkung der deutschen Sprache Ich freue mich, dass Nancy mit einem zweiten Vortrag zu uns nach K\u00e4rnten kommt. [&hellip;]<\/p>\n","protected":false},"author":1,"featured_media":0,"parent":0,"menu_order":0,"comment_status":"closed","ping_status":"closed","template":"","meta":{"site-sidebar-layout":"default","site-content-layout":"","ast-site-content-layout":"","site-content-style":"default","site-sidebar-style":"default","ast-global-header-display":"","ast-banner-title-visibility":"","ast-main-header-display":"","ast-hfb-above-header-display":"","ast-hfb-below-header-display":"","ast-hfb-mobile-header-display":"","site-post-title":"","ast-breadcrumbs-content":"","ast-featured-img":"","footer-sml-layout":"","theme-transparent-header-meta":"","adv-header-id-meta":"","stick-header-meta":"","header-above-stick-meta":"","header-main-stick-meta":"","header-below-stick-meta":"","astra-migrate-meta-layouts":"default","ast-page-background-enabled":"default","ast-page-background-meta":{"desktop":{"background-color":"var(--ast-global-color-4)","background-image":"","background-repeat":"repeat","background-position":"center center","background-size":"auto","background-attachment":"scroll","background-type":"","background-media":"","overlay-type":"","overlay-color":"","overlay-opacity":"","overlay-gradient":""},"tablet":{"background-color":"","background-image":"","background-repeat":"repeat","background-position":"center center","background-size":"auto","background-attachment":"scroll","background-type":"","background-media":"","overlay-type":"","overlay-color":"","overlay-opacity":"","overlay-gradient":""},"mobile":{"background-color":"","background-image":"","background-repeat":"repeat","background-position":"center center","background-size":"auto","background-attachment":"scroll","background-type":"","background-media":"","overlay-type":"","overlay-color":"","overlay-opacity":"","overlay-gradient":""}},"ast-content-background-meta":{"desktop":{"background-color":"var(--ast-global-color-5)","background-image":"","background-repeat":"repeat","background-position":"center center","background-size":"auto","background-attachment":"scroll","background-type":"","background-media":"","overlay-type":"","overlay-color":"","overlay-opacity":"","overlay-gradient":""},"tablet":{"background-color":"var(--ast-global-color-5)","background-image":"","background-repeat":"repeat","background-position":"center center","background-size":"auto","background-attachment":"scroll","background-type":"","background-media":"","overlay-type":"","overlay-color":"","overlay-opacity":"","overlay-gradient":""},"mobile":{"background-color":"var(--ast-global-color-5)","background-image":"","background-repeat":"repeat","background-position":"center center","background-size":"auto","background-attachment":"scroll","background-type":"","background-media":"","overlay-type":"","overlay-color":"","overlay-opacity":"","overlay-gradient":""}},"footnotes":""},"class_list":["post-49","page","type-page","status-publish","hentry"],"_links":{"self":[{"href":"https:\/\/www.verein-lebensfreude.at\/index.php?rest_route=\/wp\/v2\/pages\/49","targetHints":{"allow":["GET"]}}],"collection":[{"href":"https:\/\/www.verein-lebensfreude.at\/index.php?rest_route=\/wp\/v2\/pages"}],"about":[{"href":"https:\/\/www.verein-lebensfreude.at\/index.php?rest_route=\/wp\/v2\/types\/page"}],"author":[{"embeddable":true,"href":"https:\/\/www.verein-lebensfreude.at\/index.php?rest_route=\/wp\/v2\/users\/1"}],"replies":[{"embeddable":true,"href":"https:\/\/www.verein-lebensfreude.at\/index.php?rest_route=%2Fwp%2Fv2%2Fcomments&post=49"}],"version-history":[{"count":82,"href":"https:\/\/www.verein-lebensfreude.at\/index.php?rest_route=\/wp\/v2\/pages\/49\/revisions"}],"predecessor-version":[{"id":1127,"href":"https:\/\/www.verein-lebensfreude.at\/index.php?rest_route=\/wp\/v2\/pages\/49\/revisions\/1127"}],"wp:attachment":[{"href":"https:\/\/www.verein-lebensfreude.at\/index.php?rest_route=%2Fwp%2Fv2%2Fmedia&parent=49"}],"curies":[{"name":"wp","href":"https:\/\/api.w.org\/{rel}","templated":true}]}}

Nächste Veranstaltungen

<hr class="wp-block-separator has-alpha-channel-opacity"/>



<div class="wp-block-columns is-layout-flex wp-container-core-columns-is-layout-7387b849 wp-block-columns-is-layout-flex">
<div class="wp-block-column is-layout-flow wp-block-column-is-layout-flow">
<figure class="wp-block-image size-large"><img loading="lazy" decoding="async" width="724" height="1024" src="http://www.verein-lebensfreude.at/wp-content/uploads/2026/07/Einladung-A4-724x1024.jpg" alt="" class="wp-image-1114" srcset="https://www.verein-lebensfreude.at/wp-content/uploads/2026/07/Einladung-A4-724x1024.jpg 724w, https://www.verein-lebensfreude.at/wp-content/uploads/2026/07/Einladung-A4-212x300.jpg 212w, https://www.verein-lebensfreude.at/wp-content/uploads/2026/07/Einladung-A4-768x1086.jpg 768w, https://www.verein-lebensfreude.at/wp-content/uploads/2026/07/Einladung-A4-1086x1536.jpg 1086w, https://www.verein-lebensfreude.at/wp-content/uploads/2026/07/Einladung-A4-1448x2048.jpg 1448w, https://www.verein-lebensfreude.at/wp-content/uploads/2026/07/Einladung-A4-scaled.jpg 1811w" sizes="auto, (max-width: 724px) 100vw, 724px" /></figure>
</div>



<div class="wp-block-column is-layout-flow wp-block-column-is-layout-flow">
<h2 class="wp-block-heading">Wortenergie und Wortwirkung der deutschen Sprache</h2>



<p class="wp-block-paragraph">Ich freue mich, dass Nancy mit einem zweiten Vortrag zu uns nach Kärnten kommt.</p>



<p class="wp-block-paragraph">Wir dürfen lernen und verstehen, dass die deutsche Sprache eine ganz besondere Wirkung und jedes Wort eine spezifische Wirkung hat.</p>



<p class="wp-block-paragraph">Lernen wir wieder stolz unsere Sprache zu verwenden und dankbar sein für dieses besondere Erbe!</p>



<p class="wp-block-paragraph">So kommen wir wieder in unsere Kraft und geben wir unsere spezifische Sprache/Dialekte an unsere Kinder und Enkel weitergeben.</p>



<p class="wp-block-paragraph">Ich freue mich auf diesen gemeinsamen Abend mit Nancy Mandody.</p>
</div>
</div>



<hr class="wp-block-separator has-alpha-channel-opacity"/>



<div class="wp-block-columns is-layout-flex wp-container-core-columns-is-layout-7387b849 wp-block-columns-is-layout-flex">
<div class="wp-block-column is-layout-flow wp-block-column-is-layout-flow">
<figure class="wp-block-image size-large"><img loading="lazy" decoding="async" width="756" height="1024" src="https://www.verein-lebensfreude.at/wp-content/uploads/2026/07/Screenshot_2026-07-29-14-55-47-08_a27b88515698e5a58d06d430da63049d-1-756x1024.jpg" alt="" class="wp-image-1119" srcset="https://www.verein-lebensfreude.at/wp-content/uploads/2026/07/Screenshot_2026-07-29-14-55-47-08_a27b88515698e5a58d06d430da63049d-1-756x1024.jpg 756w, https://www.verein-lebensfreude.at/wp-content/uploads/2026/07/Screenshot_2026-07-29-14-55-47-08_a27b88515698e5a58d06d430da63049d-1-221x300.jpg 221w, https://www.verein-lebensfreude.at/wp-content/uploads/2026/07/Screenshot_2026-07-29-14-55-47-08_a27b88515698e5a58d06d430da63049d-1-768x1041.jpg 768w, https://www.verein-lebensfreude.at/wp-content/uploads/2026/07/Screenshot_2026-07-29-14-55-47-08_a27b88515698e5a58d06d430da63049d-1-1134x1536.jpg 1134w, https://www.verein-lebensfreude.at/wp-content/uploads/2026/07/Screenshot_2026-07-29-14-55-47-08_a27b88515698e5a58d06d430da63049d-1.jpg 1440w" sizes="auto, (max-width: 756px) 100vw, 756px" /></figure>
</div>



<div class="wp-block-column is-layout-flow wp-block-column-is-layout-flow">
<h2 class="wp-block-heading">Intensivtreffen mit Nancy und Oliver</h2>



<p class="wp-block-paragraph">Schön, dass Nancy Mandody und Oliver Kloth wieder zu uns kommen und uns zeigen wie wir die Programmierung, die seit BP läuft wieder aufheben können.</p>



<p class="wp-block-paragraph">So lösen  wir nicht nur Traumata sondern kommen wieder in unsere Kraft zeigen auch nach außen stolz unsere inneren Werte und Tugenden!</p>



<p class="wp-block-paragraph">Leben wir die deutschen Werte und Tugenden, die bereits durch unsere Ahnen in uns verankert sind!</p>



<p class="wp-block-paragraph">Dankbar blicken wir auf unsere Vorfahren zurück und hoffnungsfroh in die Zukunft! Denn durch das Besinnen auf die Urkraft unseres Volkes können wir mutig voran schreiten!</p>
</div>
</div>



<hr class="wp-block-separator has-alpha-channel-opacity"/>



<div class="wp-block-columns is-layout-flex wp-container-core-columns-is-layout-7387b849 wp-block-columns-is-layout-flex">
<div class="wp-block-column is-layout-flow wp-block-column-is-layout-flow">
<h2 class="wp-block-heading">Herwig Ronacher mit Buchpräsentation und Vortrag</h2>



<p class="wp-block-paragraph">Ich freue mich, dass Herwig Ronacher mit zwei Büchern zu uns nach Mittelkärnten kommt.</p>



<p class="wp-block-paragraph">Ein wunderbarer und schöner Vortrag wartet auf uns &#8211; mit einer Neuauflage vom Buch seines Vaters Arnold Ronacher <strong>&#8222;Du  bist das Land&#8220;</strong> und mit seiner aktuellen Trilogie <strong>&#8222;Alles ist anders&#8220;</strong>!</p>



<p class="wp-block-paragraph">Damit spricht Herwig Ronacher sicher vielen  aus dem Herzen, denn wir alle leben in einer sehr spannenden Zeit und dürfen uns aktiv und bewusst mit den Ereignissen rundherum beschäftigen. </p>



<p class="wp-block-paragraph">Wir freuen uns, dass wir gemeinsam auf dem Weg sind!</p>
</div>



<div class="wp-block-column is-layout-flow wp-block-column-is-layout-flow">
<figure class="wp-block-image size-large"><img loading="lazy" decoding="async" width="714" height="1024" src="https://www.verein-lebensfreude.at/wp-content/uploads/2026/09/IMG-20260902-WA0022-1-1-714x1024.jpg" alt="" class="wp-image-1126" srcset="https://www.verein-lebensfreude.at/wp-content/uploads/2026/09/IMG-20260902-WA0022-1-1-714x1024.jpg 714w, https://www.verein-lebensfreude.at/wp-content/uploads/2026/09/IMG-20260902-WA0022-1-1-209x300.jpg 209w, https://www.verein-lebensfreude.at/wp-content/uploads/2026/09/IMG-20260902-WA0022-1-1-768x1101.jpg 768w, https://www.verein-lebensfreude.at/wp-content/uploads/2026/09/IMG-20260902-WA0022-1-1-1071x1536.jpg 1071w, https://www.verein-lebensfreude.at/wp-content/uploads/2026/09/IMG-20260902-WA0022-1-1.jpg 1116w" sizes="auto, (max-width: 714px) 100vw, 714px" /></figure>
</div>
</div>



<hr class="wp-block-separator has-alpha-channel-opacity"/>



<div class="wp-block-columns is-layout-flex wp-container-core-columns-is-layout-7387b849 wp-block-columns-is-layout-flex">
<div class="wp-block-column is-layout-flow wp-block-column-is-layout-flow">
<h2 class="wp-block-heading">Zahngesundheit</h2>



<p class="wp-block-paragraph">Ich freue mich, dass Inge Sophia Unterweger zu uns kommt und über ihre Erfahrungen mit der Zahngesundheit aus ganzheitlicher Sicht berichtet. </p>



<p class="wp-block-paragraph">Hinter jedem Zahn hängt der ganze Mensch, deshalb ist immer der ganze Körper zu betrachten. </p>



<p class="wp-block-paragraph">Viel zu viel Zahnleid gibt es noch &#8211; ist das notwendig? Wie kann man sinnvoll seine Zähne erhalten, auf was ist zu achten, um den Körper nicht mit Fremdmaterialien zu belasten.</p>



<p class="wp-block-paragraph">Gehen wir in die Eigenverantwortung &#8211; auch in diesem Bereich! Ich freue mich auf einen interessanten Abend mit gemeinsamen Austausch!</p>
</div>



<div class="wp-block-column is-layout-flow wp-block-column-is-layout-flow">
<figure class="wp-block-image size-large"><img loading="lazy" decoding="async" width="732" height="1024" src="https://www.verein-lebensfreude.at/wp-content/uploads/2026/07/photo_2026-07-04_14-54-47-732x1024.jpg" alt="" class="wp-image-1109" srcset="https://www.verein-lebensfreude.at/wp-content/uploads/2026/07/photo_2026-07-04_14-54-47-732x1024.jpg 732w, https://www.verein-lebensfreude.at/wp-content/uploads/2026/07/photo_2026-07-04_14-54-47-214x300.jpg 214w, https://www.verein-lebensfreude.at/wp-content/uploads/2026/07/photo_2026-07-04_14-54-47-768x1074.jpg 768w, https://www.verein-lebensfreude.at/wp-content/uploads/2026/07/photo_2026-07-04_14-54-47.jpg 915w" sizes="auto, (max-width: 732px) 100vw, 732px" /></figure>
</div>
</div>

<p>Wortenergie und Wortwirkung der deutschen Sprache Ich freue mich, dass Nancy mit einem zweiten Vortrag zu uns nach Kärnten kommt. [&hellip;]</p>
